f 45/30 - (-9075)/10.
3, 101
Let l(y) = -y + 9. Let f(i) = i**2 + 7*i + 9. Let o be f(-6). Suppose o*v = -3*u - 33, -5*v + 0*u - 51 = 3*u. What are the prime factors of l(v)?
2, 3
Let t = 1830 + -381. List the prime factors of t.
3, 7, 23
Let d(x) = 3*x**3 - x**2 + 2*x - 1. Let n be d(1). Suppose -6*p = -2*k - 3*p + 6, 6 = n*k - 3*p. Suppose t + 6 - 20 = k. What are the prime factors of t?
2, 7
Suppose 0 = 4*q - 255 - 301. Let c = 303 - q. What are the prime factors of c?
2, 41
Suppose -4*h + 52 = -8*h. Let c = h - -15. Suppose -3*v = c*v - 240. List the prime factors of v.
2, 3
Suppose -195*y + 193137 = -144*y. List the prime factors of y.
7, 541
Let g = -225 + 435. List the prime factors of g.
2, 3, 5, 7
Let d = -2184 + 3320. What are the prime factors of d?
2, 71
Let h(f) = f**3 - 3*f**2 + 4*f - 5. Let r be h(3). Let l(q) = q**3 - q - 6*q**2 - 3*q + 2 + 5. What are the prime factors of l(r)?
2, 7
Suppose -11*x = 5*x - 10944. What are the prime factors of x?
2, 3, 19
Suppose -3*p + 1 = -5. Suppose 0 = -i + 3 + p. Suppose k - i*k = -60. List the prime factors of k.
3, 5
Let a(c) = -5*c - 2. Let n be a(-1). Suppose 2*k + n*j - 187 = 0, -3*k + 59 + 223 = 5*j. What are the prime factors of k?
89
Suppose -c - g + 2 = 2*c, -6 = 5*c + 4*g. Suppose c*q - 116 = -r, -2*r = -q - 2*q - 218. List the prime factors of r.
2, 7
Let b = 130 + 35. Suppose x = -3*q + 1, -3*x = 3*q - 4*x - 5. What are the prime factors of (b/25)/(q/5)?
3, 11
Suppose 7*a = 3*a + 120. Suppose 0 = 5*g - 2*w - a + 1, -4*g + w = -22. Suppose 5*f - 60 = -g*k, 0 = 4*k - f - 0*f - 73. List the prime factors of k.
17
Let h = 35 + -24. Suppose h*s - 469 = 4*s. List the prime factors of s.
67
Suppose 15*o - 7*o = 1512. What are the prime factors of o?
3, 7
Suppose 4*v + 8*n - 3*n = 632, -2*v + 316 = n. Let f = v + -101. What are the prime factors of f?
3, 19
Suppose 0 = -5*a - 2*n + 2140, 2*a - 3*n = 2*n + 885. List the prime factors of a.
2, 5, 43
Suppose -3*s - 5*m + 439 = 0, -6*m + 567 = 4*s - 3*m. What are the prime factors of s?
2, 3, 23
Suppose 0 = 6*z - z. Let a(m) = -m**2 - m + 20. List the prime factors of a(z).
2, 5
Suppose 3*k + 0 = 9. Suppose 0 = -3*v + 12, 0 = -2*d - k*d - 3*v + 102. Suppose d*j = 13*j + 30. List the prime factors of j.
2, 3
Suppose -2*d + 2 = 0, 4*d - d + 26 = z. Let y = -26 + z. Suppose y*i - 55 = 2*i. List the prime factors of i.
5, 11
Let a(h) = -4*h + 5. Let k(d) = 8*d - 9. Let x(o) = -13*a(o) - 6*k(o). Suppose 6 = 2*c + 4, 4*p + 2*c = 38. List the prime factors of x(p).
5
Suppose -2 = o - 6. Let m(g) = -g**3 + g**2 + 6*g - 5. Let x be m(o). Let c = x + 54. List the prime factors of c.
5
What are the prime factors of (-4*(-394)/4)/(24 - 23)?
2, 197
Let p(n) = -14*n + 242. List the prime factors of p(7).
2, 3
Suppose 3*n - 46 + 31 = 0. What are the prime factors of (-3 - -2) + 45/n?
2
Let d = 11 + -16. List the prime factors of 132/7 + d/(-35).
19
Suppose -2*w + 10 = -6. Suppose -w = -k - k. Suppose k*x + 0*x - 160 = -5*u, 3*u = 5*x + 59. List the prime factors of u.
2, 7
Let m(v) = 43*v - 58. List the prime factors of m(8).
2, 11, 13
Suppose -2*h + 0*h + 8 = t, -4*t + 2*h + 2 = 0. What are the prime factors of -3*t/(-6) + 45?
2, 23
Let q(i) = -i**3 - 5*i**2 + 7*i + 10. Let j be q(-6). Suppose 20 = -j*y, -y = 4*r - 5*y - 296. What are the prime factors of r?
3, 23
Let u be (12/(-15))/((-8)/20). Suppose u + 6 = 4*p. Suppose -4*c = -3*a + 58, c = p*a + 2*c - 24. List the prime factors of a.
2, 7
Suppose 0 = 5*n + q - 405 + 91, 0 = n - 4*q - 46. What are the prime factors of (-99)/(-22)*n/3?
3, 31
Let l(c) = 160*c**2 + 20*c - 36. List the prime factors of l(2).
2, 7, 23
Suppose -3*a + l + 10 = 41, -4*a - 37 = 3*l. Let d(i) = -3*i - 26. List the prime factors of d(a).
2
Suppose -2*m - 12 = -0*w + 2*w, 4*w = 5*m + 21. Let a(c) = -2795*c**3 + c**2 - c - 1. Let s be a(w). What are the prime factors of 2/13 + s/78?
2, 3
Let w(t) = 6*t - 5. Let m(i) = -78*i + 66. Let h(v) = 2*m(v) + 27*w(v). What are the prime factors of h(6)?
3, 11
Let c = 10 + -18. Suppose -2*h + 5*h = 0, 5*b = -h. Let l = b - c. What are the prime factors of l?
2
Let s = -837 + 2063. List the prime factors of s.
2, 613
Suppose 3 = -2*n - n. Let q(h) = 3*h**2 + 1. What are the prime factors of q(n)?
2
Let t be (6/(-27)*-6)/(5/60). Let z = t + 28. List the prime factors of z.
2, 11
Let v = -325 + 507. What are the prime factors of v?
2, 7, 13
Suppose 0*b + q + 25 = 5*b, -b + 5 = -3*q. List the prime factors of ((-438)/b)/(-1)*160/48.
2, 73
Let d = 1283 - 821. List the prime factors of d.
2, 3, 7, 11
Let i(n) be the first derivative of -n**3/3 - 7*n**2 - 11*n - 7. Let g be i(-13). Suppose -g*f + 30 = -f. List the prime factors of f.
2, 3, 5
Suppose -61*y - 3120 = -76*y. List the prime factors of y.
2, 13
Let j = 4 - -26. Suppose 9 = 3*i - j. Let m = i - 11. List the prime factors of m.
2
Let q(i) = i**2 + 6*i + 5. Let y be q(-5). Suppose y = -3*h + 3 + 12. Suppose -2*t = -h*c + 145, c + 3*t = -c + 77. List the prime factors of c.
31
Let g(f) = -f. Let x(p) = -4 + 5*p - 6*p + 5*p. Let c(w) = 10*g(w) + x(w). List the prime factors of c(-4).
2, 5
Suppose -4*t + 4*a = 288, 0*t = 3*t - 4*a + 215. Let o = t + 88. List the prime factors of o.
3, 5
Let d(r) = -r**3 + 6*r**2 - 16. Let l be d(6). Let i = 5 - l. What are the prime factors of i?
3, 7
List the prime factors of 42893/17 - (-220)/(-1870).
3, 29
Let t(b) = -b**3 - 14*b**2 - 13*b - 9. Let j be t(-17). Suppose 4*f = -u + 839, 2*u = 4*f + 225 - j. List the prime factors of f.
211
Suppose -4*c + 3*j = 40, -5*c + 3*j + 8 = 58. List the prime factors of 22/3*(-285)/c.
11, 19
Let d(j) = -j**3 - 6*j**2 + 5*j - 10. Let r be d(-7). Suppose 4*p + 5 = -b, -r*b - 3*p + 19 = -0*b. What are the prime factors of b/(14/24) - -3?
3, 5
Suppose 0 = 17*i - 45839 + 17211. List the prime factors of i.
2, 421
Suppose -10 = 6*m - m. Let y(v) = -31*v + 3. List the prime factors of y(m).
5, 13
What are the prime factors of (-1)/1 + 121 + 53 + -57?
2, 29
Let w be (-6)/(-9) + 128/6. Suppose 29 + w = 3*c. List the prime factors of c.
17
Let g(r) = 206*r - 48. What are the prime factors of g(3)?
2, 3, 5, 19
Let m(k) = 118*k**2 + 2*k + 2. Let j(f) = 2*f - 15. Let q be j(7). What are the prime factors of m(q)?
2, 59
Let s be (101/2)/(((-10)/(-4))/5). Let q = -4 + s. What are the prime factors of q?
97
What are the prime factors of 804 - (17 + -24)*(-3)/21?
11, 73
Let p(n) = 189*n - 161. What are the prime factors of p(7)?
2, 7, 83
Let p(n) = n**3 - 3*n**2 - 4*n - 4. Suppose -3*c - 15 = j, -5*j - 5*c + 4*c = 75. Let l = j + 20. What are the prime factors of p(l)?
2, 13
Suppose 0 = -18*l - 438 + 2598. List the prime factors of l.
2, 3, 5
Let b(s) = 761*s**3 + 1. What are the prime factors of b(1)?
2, 3, 127
Let l = -21 - -25. Let y(a) = 20*a - 9. What are the prime factors of y(l)?
71
Suppose 5*m - 2*d - 13 = 0, m = 3*m - 3*d - 14. Let f(u) = 2*u**2 - u - 1. Let y be f(-1). Suppose -y*v = m - 19. List the prime factors of v.
3
Suppose 3*q - 88 = 611. Suppose 124 - 41 = u + y, 5*y + q = 3*u. What are the prime factors of u?
3
Let y be 102/24 + 1/(-4). Let d = -6 - -10. Suppose d*m + y - 72 = 0. List the prime factors of m.
17
Suppose 0 = 6*s + 4 - 16. Let u = -10 + 14. Suppose -p = -y - 1, -u = -2*y + s. What are the prime factors of p?
2
Let h(f) be the first derivative of 2/3*f**3 - 3/4*f**4 + 2*f + 3/2*f**2 - 2. List the prime factors of h(-2).
2, 7
Let d(u) = u**3 - 8*u**2 - 10*u - 1. Suppose 9 = -2*l + 27. Let n be d(l). What are the prime factors of (24/n)/(18/(-240))?
2
Let r be (-99190)/315 + (-2)/18. Let h = r + 530. List the prime factors of h.
5, 43
Let d = -298 - -688. List the prime factors of d.
2, 3, 5, 13
Let s be (-9)/(63/(-14)) + (-898)/2. Let w = -231 - s. What are the prime factors of w?
2, 3
Let m = 84 - -487. List the prime factors of m.
571
Let v(s) = 100*s - 96. List the prime factors of v(5).
2, 101
Let y(c) = 4*c + 30. Let s(g) = 5*g**3 - g. Let h be s(1). List the prime factors of y(h).
2, 23
Let v = 3100 - 2139. List the prime factors of v.
31
Let z(h) = -3*h + 5. Let v be z(1). Suppose -3*c - 10 = v*c, 4*c - 522 = -5*w. What are the prime factors of w?
2, 53
Let y(p) = -4*p**2 - 4*p + 1. Let v be y(-3). Let u = -19 - v. Suppose u*x - 2*m + m = 115,